3
List the prime factors of 297621.
3, 73, 151
What are the prime factors of 966430?
2, 5, 96643
What are the prime factors of 1455919?
47, 30977
List the prime factors of 11245077.
3, 37, 33769
What are the prime factors of 2392751?
2392751
List the prime factors of 596727.
3, 53, 139
What are the prime factors of 203064?
2, 3, 8461
List the prime factors of 20609854.
2, 31, 332417
List the prime factors of 2285036.
2, 13, 43943
List the prime factors of 8925787.
13, 757, 907
What are the prime factors of 15153366?
2, 3, 23, 109807
What are the prime factors of 19159907?
13, 619, 2381
What are the prime factors of 362588?
2, 90647
What are the prime factors of 1056763?
101, 10463
List the prime factors of 526946.
2, 7, 19, 283
What are the prime factors of 1358230?
2, 5, 71, 1913
List the prime factors of 1875319.
19, 89, 1109
What are the prime factors of 1114961?
53, 109, 193
What are the prime factors of 905344?
2, 11, 643
What are the prime factors of 6439848?
2, 3, 151, 1777
List the prime factors of 836763.
3, 23, 67, 181
List the prime factors of 3374218.
2, 41, 41149
What are the prime factors of 573957?
3, 63773
What are the prime factors of 581309?
269, 2161
List the prime factors of 75745.
5, 15149
What are the prime factors of 58587?
3, 59, 331
What are the prime factors of 1020636?
2, 3, 28351
List the prime factors of 5203983.
3, 251, 6911
List the prime factors of 7092625.
5, 23, 2467
What are the prime factors of 2845569?
3, 569, 1667
List the prime factors of 116324.
2, 13, 2237
List the prime factors of 846284.
2, 211571
What are the prime factors of 152513?
19, 23, 349
List the prime factors of 120342.
2, 3, 31, 647
List the prime factors of 8389736.
2, 1048717
List the prime factors of 31002.
2, 3, 5167
List the prime factors of 1938867.
3, 7, 17, 5431
List the prime factors of 1637084.
2, 409271
List the prime factors of 757091.
23, 32917
What are the prime factors of 2074468?
2, 11, 47147
What are the prime factors of 146793?
3, 167, 293
What are the prime factors of 7998730?
2, 5, 799873
List the prime factors of 4561959.
3, 1520653
What are the prime factors of 12323?
12323
List the prime factors of 104947.
104947
What are the prime factors of 1019877?
3, 339959
What are the prime factors of 132866?
2, 31, 2143
List the prime factors of 1304986.
2, 652493
List the prime factors of 5928237.
3, 7, 94099
What are the prime factors of 198581?
349, 569
List the prime factors of 4161655.
5, 832331
List the prime factors of 996802.
2, 498401
List the prime factors of 26741.
11, 13, 17
List the prime factors of 13408835.
5, 11, 17, 14341
List the prime factors of 971451.
3, 13, 19, 23
List the prime factors of 5439427.
7, 109, 7129
What are the prime factors of 3483330?
2, 3, 5, 67, 1733
What are the prime factors of 8721221?
17, 513013
What are the prime factors of 10439680?
2, 5, 2039
List the prime factors of 336406.
2, 7, 24029
What are the prime factors of 747540?
2, 3, 5, 4153
What are the prime factors of 212165?
5, 42433
List the prime factors of 878237.
17, 19, 2719
What are the prime factors of 211618?
2, 11, 9619
List the prime factors of 88466.
2, 7, 71, 89
What are the prime factors of 377613?
3, 41957
What are the prime factors of 7010764?
2, 1752691
What are the prime factors of 160517?
7, 23, 997
List the prime factors of 146078.
2, 73039
What are the prime factors of 703774?
2, 351887
What are the prime factors of 275752?
2, 34469
List the prime factors of 3962655.
3, 5, 149, 197
What are the prime factors of 409199?
7, 1193
What are the prime factors of 891012?
2, 3, 41, 1811
What are the prime factors of 912325?
5, 36493
What are the prime factors of 227151?
3, 47, 179
List the prime factors of 1728443.
97, 103, 173
List the prime factors of 4991786.
2, 83, 30071
What are the prime factors of 7239227?
23, 449, 701
What are the prime factors of 1888840?
2, 5, 47221
List the prime factors of 403514.
2, 201757
What are the prime factors of 496114?
2, 248057
List the prime factors of 23554411.
43, 12739
What are the prime factors of 198009?
3, 7, 449
List the prime factors of 1665837.
3, 271, 683
What are the prime factors of 337429?
263, 1283
What are the prime factors of 8613195?
3, 5, 31, 18523
List the prime factors of 21488.
2, 17, 79
What are the prime factors of 640649?
640649
List the prime factors of 930703.
761, 1223
What are the prime factors of 701370?
2, 3, 5, 7793
What are the prime factors of 325797?
3, 131, 829
What are the prime factors of 207398?
2, 103699
List the prime factors of 603837.
3, 13, 397
List the prime factors of 2091715.
5, 418343
List the prime factors of 3605153.
3605153
What are the prime factors of 10408?
2, 1301
What are the prime factors of 119585?
5, 23917
List the prime factors of 107691.
3, 35897
List the prime factors of 218463.
3, 7, 101, 103
List the prime factors of 8955261.
3, 7, 41, 3467
List the prime factors of 448773.
3, 13, 37, 311
List the prime factors of 8289816.
2, 3, 89, 3881
List the prime factors of 973684.
2, 243421
List the prime factors of 441640.
2, 5, 61, 181
What are the prime factors of 26985626?
2, 41, 191, 1723
List the prime factors of 330275.
5, 11, 1201
List the prime factors of 6766198.
2, 3383099
What are the prime factors of 3486852?
2, 3, 96857
What are the prime factors of 3255218?
2, 1627609
List the prime factors of 171473.
171473
List the prime factors of 647023.
13, 71, 701
List the prime factors of 4299717.
3, 1433239
List the prime factors of 568795.
5, 113759
List the prime factors of 3175553.
3175553
What are the prime factors of 2805828?
2, 3, 73, 3203
What are the prime factors of 3128611?
3128611
List the prime factors of 6013367.
19, 316493
List the prime factors of 1931413.
11, 71, 2473
List the prime factors of 70771.
17, 23, 181
List the prime factors of 4017161.
1321, 3041
What are the prime factors of 2814950?
2, 5, 56299
List the prime factors of 9370127.
13, 720779
List the prime factors of 62768.
2, 3923
List the prime factors of 8210226.
2, 3, 31, 37, 1193
List the prime factors of 9474004.
2, 2368501
What are the prime factors of 11425889?
2917, 3917
List the prime factors of 10298530.
2, 5, 11, 251, 373
List the prime factors of 69323.
181, 383
What are the prime factors of 32596262?
2, 16298131
List the prime factors of 272782.
2, 17, 71, 113
List the prime factors of 2203591.
13, 17, 59
What are the prime factors of 9796121?
9796121
List the prime factors of 13726458.
2, 3, 277, 2753
List the prime factors of 399479.
83, 4813
What are the prime factors of 5334006?
2, 3, 889001
List the prime factors of 2876750.
2, 5, 37, 311
List the prime factors of 75578.
2, 23, 31, 53
What are the prime factors of 468606?
2, 3, 78101
List the prime factors of 4578892.
2, 1144723
What are the prime factors of 7643901?
3, 2547967
List the prime factors of 341782.
2, 7, 24413
What are the prime factors of 142435?
5, 61, 467
What are the prime factors of 8532857?
383, 22279
List the prime factors of 22003392.
2, 3, 114601
What are the prime factors of 2251968?
2, 3, 37, 317
List the prime factors of 2704352.
2, 7, 12073
List the prime factors of 631948.
2, 23, 6869
What are the prime factors of 501183?
3, 233, 239
What are the prime factors of 17851?
17851
What are the prime factors of 19015?
5, 3803
What are the prime factors of 2537221?
101, 25121
List the prime factors of 85207.
139, 613
List the prime factors of 165892.
2, 67, 619
What are the prime factors of 25363072?
2, 7, 28307
What are the prime factors of 4187139?
3, 11, 31, 4093
What are the prime factors of 9535228?
2, 31, 131, 587
List the prime factors of 1836468.
2, 3, 139, 367
List the prime factors of 1534465.
5, 306893
List the prime factors of 16526715.
3, 5, 1101781
What are the prime factors of 2721050?
2, 5, 54421
What are the prime factors of 1202088?
2, 3, 50087
What are the prime factors of 102884?
2, 17, 89
What are the prime factors of 4052292?
2, 3, 337691
List the prime factors of 1860392.
2, 232549
List the prime factors of 7374461.
7374461
List the prime factors of 7104067.
53, 134039
List the prime factors of 363821.
37, 9833
What are the prime factors of 3244096?
2, 173, 293
What are the prime factors of 844290?
2, 3, 5, 53, 59
What are the pri